omposite?
True
Is 1340584631 a composite number?
True
Is 1414425977 a composite number?
False
Is 9476396551 a prime number?
True
Is 774771245 prime?
False
Is 23033813879 a prime number?
True
Is 1806204017 prime?
True
Is 7150068587 prime?
False
Is 43361116763 a prime number?
False
Is 3132261949 composite?
True
Is 2556473747 composite?
False
Is 2807518883 a composite number?
True
Is 27553307 a composite number?
False
Is 22240358389 a composite number?
False
Is 1423091839 a prime number?
False
Is 183641421 a composite number?
True
Is 3448746461 a composite number?
False
Is 43135035311 composite?
False
Is 763840807 composite?
True
Is 3681568049 a composite number?
False
Is 169702591553 prime?
False
Is 2883543331 a prime number?
False
Is 1238780843 composite?
False
Is 39916639813 prime?
False
Is 390632701 a composite number?
True
Is 10376263993 a composite number?
False
Is 905550923 a prime number?
True
Is 270643717 a prime number?
True
Is 69489773 composite?
False
Is 2099421253 prime?
True
Is 1833269089 composite?
False
Is 23678454743 prime?
False
Is 313269743 a composite number?
False
Is 8150092255 a composite number?
True
Is 116761416263 a composite number?
True
Is 1512428189 prime?
False
Is 1822384219 prime?
True
Is 863812601 prime?
True
Is 6259806734 composite?
True
Is 710531743 a composite number?
True
Is 67165783379 a prime number?
False
Is 735153611 composite?
True
Is 1456715597 a composite number?
False
Is 366236707 prime?
True
Is 79948354849 composite?
True
Is 16283192767 a prime number?
False
Is 12937461191 a composite number?
True
Is 48471846361 a prime number?
True
Is 61473689 a prime number?
False
Is 505046491 prime?
True
Is 124212311 composite?
False
Is 128438801 prime?
True
Is 1547906147 a composite number?
False
Is 7455949705 composite?
True
Is 1519076501 a prime number?
True
Is 1863328611 a composite number?
True
Is 1058329641 a composite number?
True
Is 395413321 prime?
True
Is 28232294 a composite number?
True
Is 4561392317 composite?
False
Is 32802134881 composite?
False
Is 3729800341 composite?
True
Is 3452930309 a composite number?
False
Is 86493817957 prime?
True
Is 4147595455 a prime number?
False
Is 37879987189 prime?
False
Is 996997093 a prime number?
False
Is 498237101 a composite number?
True
Is 940798861 a prime number?
True
Is 6323140783 composite?
False
Is 485731381 composite?
True
Is 7232698171 prime?
False
Is 29658422857 prime?
False
Is 1242842486 a composite number?
True
Is 7213610057 a prime number?
True
Is 49883597737 composite?
False
Is 1318727029 prime?
True
Is 609912431 prime?
True
Is 270686649 a composite number?
True
Is 487710893 prime?
False
Is 5941825241 composite?
True
Is 1807086109 a prime number?
True
Is 6557062663 prime?
False
Is 14225416843 composite?
True
Is 4496772169 a prime number?
False
Is 607993523 a prime number?
False
Is 20088373049 composite?
False
Is 1168229903 a prime number?
False
Is 738693671 a prime number?
True
Is 5876396287 a composite number?
False
Is 1591108429 composite?
True
Is 13882093777 a prime number?
False
Is 1776139517 prime?
True
Is 2978300467 composite?
True
Is 3077010751 a composite number?
True
Is 112249943021 composite?
True
Is 4732918511 prime?
False
Is 29207959447 a prime number?
False
Is 2970403067 a prime number?
True
Is 15205563149 a prime number?
False
Is 6769207259 composite?
True
Is 166232659 a prime number?
False
Is 24891108353 prime?
True
Is 8868303877 a prime number?
False
Is 29501547167 a composite number?
False
Is 48579042899 prime?
True
Is 59996968183 prime?
True
Is 4867146283 prime?
False
Is 28519297 a prime number?
True
Is 508305569 a prime number?
False
Is 927781403 prime?
True
Is 528896281 prime?
True
Is 322328389 a prime number?
True
Is 27694250659 a prime number?
True
Is 4085867479 a prime number?
True
Is 21162653957 a composite number?
False
Is 1481712941 prime?
True
Is 139644414659 prime?
True
Is 9021131611 prime?
True
Is 6307881029 prime?
False
Is 2024233165 a prime number?
False
Is 17993815171 a prime number?
True
Is 1308261959 composite?
False
Is 5953893509 a prime number?
True
Is 34578197161 prime?
True
Is 28937604211 a prime number?
True
Is 1164941321 a composite number?
False
Is 44188490081 a composite number?
True
Is 25136711 composite?
False
Is 8306487907 prime?
True
Is 864315311 prime?
True
Is 59103873883 composite?
False
Is 129838063 a composite number?
False
Is 1003720513 prime?
True
Is 10705335439 a composite number?
True
Is 608197867 a prime number?
True
Is 3071511649 composite?
False
Is 15989422921 prime?
True
Is 14874860801 a composite number?
False
Is 49550804661 a prime number?
False
Is 893402039 a prime number?
False
Is 60494294213 prime?
False
Is 58994914151 a composite number?
False
Is 4310506567 a prime number?
False
Is 541725565 composite?
True
Is 5934461209 a composite number?
False
Is 9363447953 a composite number?
False
Is 3922100699 composite?
True
Is 1312787383 composite?
False
Is 1047281471 prime?
False
Is 85510617443 a prime number?
False
Is 37434181639 prime?
False
Is 9210117743 prime?
False
Is 560129585 composite?
True
Is 149871104479 a composite number?
False
Is 3558819787 a prime number?
True
Is 16493366117 composite?
True
Is 591767959 a composite number?
True
Is 1460243483 prime?
True
Is 2632000303 a prime number?
False
Is 42998866067 composite?
False
Is 20246816153 prime?
True
Is 88304057 a composite number?
True
Is 2520686089 a composite number?
True
Is 6469888529 prime?
False
Is 9704583379 a composite number?
False
Is 43659824393 a composite number?
False
Is 23630923 a prime number?
True
Is 719636779 prime?
True
Is 6847337863 a composite number?
False
Is 2134740149 composite?
True
Is 922841651 a composite number?
True
Is 5399233331 a composite number?
True
Is 75710533882 prime?
False
Is 350948363 a composite number?
False
Is 16138835927 prime?
True
Is 163546277 a composite number?
False
Is 62590114471 a prime number?
False
Is 331780099 a composite number?
True
Is 1110181121 a composite number?
True
Is 3676272097 composite?
False
Is 5499003143 a prime number?
True
Is 57388724351 a prime number?
False
Is 758179111 a composite number?
True
Is 17844580203 prime?
False
Is 97345516759 prime?
False
Is 278823384871 prime?
True
Is 169090912481 a prime number?
True
Is 13873022911 a composite number?
True
Is 57445648207 a prime number?
True
Is 1148036963 prime?
True
Is 1616197031 a composite number?
False
Is 888823973 composite?
True
Is 145818037 composite?
True
Is 644018233 a prime number?
True
Is 334695183 prime?
False
Is 5808166951 prime?
False
Is 1047555661 a composite number?
True
Is 863628709 a prime number?
False
Is 56157425959 a composite number?
False
Is 73771142017 composite?
False
Is 45462107599 composite?
False
Is 8956446467 a composite number?
False
Is 1205802703 composite?
True
Is 80576161 prime?
False
Is 30265868823 a prime number?
False
Is 88851949 a composite number?
True
Is 23148493255 composite?
True
Is 1769732777 a composite number?
False
Is 617684321 composite?
False
Is 41517632131 a composite number?
False
Is 13031670149 prime?
True
Is 1052532841 a composite number?
False
Is 250528249 a composite number?
True
Is 60170260933 prime?
True
Is 4487836911 a composite number?
True
Is 650687731 composite?
True
Is 53755489 prime?
True
Is 283855109 prime?
True
Is 58065317 a composite number?
True
Is 19937147057 a prime number?
True
Is 90300516347 composite?
False
Is 54306828733 a prime number?
True
Is 37792300859 composite?
False
Is 951059443 a composite number?
False
Is 9837408047 a composite number?
False
Is 536829091 composite?
True
Is 5701368203 a composite number?
False
Is 55712195683 a composite number?
False
Is 1231034477 a composite number?
False
Is 7024898021 a prime number?
False
Is 16029328877 a prime number?
False
Is 1418842739 composite?
False
Is 571389491 a composite number?
True
Is 20115810713 a composite number?
True
Is 1500148703 a composite number?
False
Is 12054066781 composite?
False
Is 248298709 prime?
True
Is 1079276959 a prime number?
False
Is 24102360367 a composite number?
False
Is 117408610549 a prime number?
False
Is 1343448661 a prime number?
False
Is 9506654533 prime?
False
Is 19892119231 composite?
False
Is 121369387 composite?
False
Is 615536399 a composite number?
False
Is 1